me factors of 418117861?
7, 709, 84247
What are the prime factors of 565363176?
2, 3, 7, 107, 4493
List the prime factors of 3104807376.
2, 3, 11, 17, 191, 1811
What are the prime factors of 25823129?
2081, 12409
List the prime factors of 1106658105.
3, 5, 7, 43, 245107
List the prime factors of 239839126.
2, 31, 563, 6871
List the prime factors of 79465004.
2, 17, 521, 2243
List the prime factors of 3426194338.
2, 7, 31, 7894457
What are the prime factors of 939084339?
3, 313028113
List the prime factors of 538284753.
3, 17, 206953
What are the prime factors of 2077222440?
2, 3, 5, 29, 59, 67, 151
What are the prime factors of 13317135?
3, 5, 13, 31, 2203
List the prime factors of 435874625.
5, 3486997
List the prime factors of 1423578.
2, 3, 13, 18251
What are the prime factors of 657244531?
17, 4423, 8741
List the prime factors of 130420843.
7, 617, 30197
What are the prime factors of 399260971?
14057, 28403
List the prime factors of 156066812.
2, 11, 751, 4723
What are the prime factors of 123684781?
11, 11244071
What are the prime factors of 1134049372?
2, 283512343
List the prime factors of 2659448545.
5, 13, 1117, 36629
List the prime factors of 133634631.
3, 13, 3426529
List the prime factors of 3944457803.
11, 13, 59, 35963
List the prime factors of 137892001.
13, 157, 5197
List the prime factors of 32508391.
29, 191, 5869
List the prime factors of 1982507778.
2, 3, 5023, 7309
List the prime factors of 3963086033.
1021, 3881573
What are the prime factors of 25561921?
7, 11, 331973
What are the prime factors of 494209510?
2, 5, 23, 2148737
List the prime factors of 210385125.
3, 5, 187009
List the prime factors of 125481859.
23, 5455733
What are the prime factors of 895389796?
2, 7, 17, 1881071
What are the prime factors of 63343466?
2, 211, 367, 409
What are the prime factors of 259789172?
2, 17, 3820429
What are the prime factors of 52903448?
2, 13, 19, 41, 653
List the prime factors of 6720441226.
2, 761, 4415533
What are the prime factors of 2039836784?
2, 409, 311711
List the prime factors of 66019630.
2, 5, 367, 17989
What are the prime factors of 4124651?
4124651
What are the prime factors of 1335945694?
2, 667972847
What are the prime factors of 1231388509?
13, 94722193
List the prime factors of 4285338046.
2, 11, 194788093
List the prime factors of 2664472352.
2, 23, 3620207
List the prime factors of 2380078.
2, 809, 1471
What are the prime factors of 1048611156?
2, 3, 9319, 9377
List the prime factors of 360327338.
2, 7, 23, 1119029
List the prime factors of 2178706753.
31, 137, 512999
What are the prime factors of 314014515?
3, 5, 23, 521, 1747
What are the prime factors of 21283925?
5, 13, 43, 1523
What are the prime factors of 176614096?
2, 643, 17167
List the prime factors of 626453006.
2, 5857, 53479
List the prime factors of 1031204363.
7, 21044987
List the prime factors of 679686918.
2, 3, 113281153
What are the prime factors of 501619335?
3, 5, 7, 137, 34871
What are the prime factors of 911795498?
2, 31, 1259, 11681
What are the prime factors of 108205542?
2, 3, 53, 101, 1123
What are the prime factors of 3531384869?
479, 7372411
What are the prime factors of 125005817?
125005817
What are the prime factors of 1900289047?
19, 100015213
List the prime factors of 561047.
561047
List the prime factors of 70622509.
70622509
What are the prime factors of 139652386?
2, 863, 80911
List the prime factors of 759393602.
2, 11, 59, 585049
What are the prime factors of 1425762337?
19, 139, 367, 1471
List the prime factors of 34575115.
5, 127, 54449
What are the prime factors of 241610445?
3, 5, 596569
List the prime factors of 44059487.
1741, 25307
What are the prime factors of 555106837?
9239, 60083
List the prime factors of 1809166882.
2, 31, 29180111
What are the prime factors of 1648941468?
2, 3, 43, 3195623
What are the prime factors of 237080102?
2, 7, 113, 149861
What are the prime factors of 36241233?
3, 7, 246539
List the prime factors of 164065926.
2, 3, 1999, 13679
What are the prime factors of 40050414?
2, 3, 317, 7019
List the prime factors of 274089560.
2, 5, 6852239
What are the prime factors of 18751340?
2, 5, 17, 131, 421
What are the prime factors of 77338972?
2, 23, 61, 13781
List the prime factors of 253404221.
7, 36200603
What are the prime factors of 1336292480?
2, 5, 17, 263, 467
List the prime factors of 357388508.
2, 61, 293, 4999
What are the prime factors of 259033902?
2, 3, 43172317
What are the prime factors of 239088120?
2, 3, 5, 31, 64271
List the prime factors of 40355873.
1231, 32783
What are the prime factors of 171174762?
2, 3, 11, 19, 29, 523
What are the prime factors of 3297705270?
2, 3, 5, 23, 239, 19997
What are the prime factors of 52605571?
52605571
List the prime factors of 444398363.
191, 2326693
What are the prime factors of 1068969020?
2, 5, 7, 103, 74131
What are the prime factors of 174334197?
3, 3923, 14813
List the prime factors of 114538035.
3, 5, 53, 144073
List the prime factors of 75534084.
2, 3, 2098169
List the prime factors of 564562.
2, 282281
What are the prime factors of 301989319?
173, 211, 8273
What are the prime factors of 560891512?
2, 2803, 25013
What are the prime factors of 442412009?
13, 34031693
List the prime factors of 310777434.
2, 3, 11, 107, 14669
What are the prime factors of 144247346?
2, 17, 4242569
What are the prime factors of 199255529?
11, 211, 293
List the prime factors of 281695932.
2, 3, 7, 937, 1193
List the prime factors of 66207955.
5, 11, 227, 5303
What are the prime factors of 9249176?
2, 101, 11447
What are the prime factors of 72453555?
3, 5, 19, 47, 601
List the prime factors of 2747197082.
2, 7, 196228363
List the prime factors of 1206093450.
2, 3, 5, 8040623
What are the prime factors of 2898276928?
2, 967, 46831
What are the prime factors of 83334894?
2, 3, 647, 21467
What are the prime factors of 23677734?
2, 3, 3946289
What are the prime factors of 341060713?
7, 48722959
What are the prime factors of 27477896?
2, 227, 15131
What are the prime factors of 39510309?
3, 181, 72763
List the prime factors of 43215834.
2, 3, 7202639
List the prime factors of 3060521213.
3060521213
List the prime factors of 288688671.
3, 113, 94621
What are the prime factors of 729913502?
2, 1831, 199321
List the prime factors of 81610609.
81610609
List the prime factors of 32777412.
2, 3, 37, 73823
List the prime factors of 1057083690.
2, 3, 5, 13, 97, 27943
What are the prime factors of 238963035?
3, 5, 31, 513899
What are the prime factors of 133798604?
2, 31, 1079021
List the prime factors of 238832457.
3, 269, 295951
List the prime factors of 253180412.
2, 23, 41, 67121
What are the prime factors of 48724323?
3, 16241441
List the prime factors of 2103191674.
2, 1051595837
What are the prime factors of 3566829600?
2, 3, 5, 37, 4463
List the prime factors of 74225117.
23, 1723, 1873
What are the prime factors of 26672376?
2, 3, 293, 3793
List the prime factors of 3442652298.
2, 3, 191258461
What are the prime factors of 190394363?
1013, 187951
List the prime factors of 23998939.
89, 269651
List the prime factors of 94309223.
23, 31, 349, 379
What are the prime factors of 3722488050?
2, 3, 5, 163, 152249
What are the prime factors of 48677715?
3, 5, 17, 19, 197
List the prime factors of 445907107.
3709, 120223
What are the prime factors of 8698394?
2, 547, 7951
What are the prime factors of 349518?
2, 3, 13, 4481
List the prime factors of 1209560838.
2, 3, 3931, 51283
List the prime factors of 57803529.
3, 7, 19, 277, 523
List the prime factors of 152919189.
3, 16991021
What are the prime factors of 716490791?
29, 97, 8783
List the prime factors of 82750273.
59, 1402547
List the prime factors of 48971284.
2, 19, 644359
List the prime factors of 17494143.
3, 5831381
List the prime factors of 110596206.
2, 3, 7, 89, 29587
List the prime factors of 380138505.
3, 5, 25342567
List the prime factors of 70423042.
2, 35211521
List the prime factors of 92367695.
5, 7, 377011
List the prime factors of 7967225001.
3, 23, 41, 2816269
What are the prime factors of 50981291?
50981291
What are the prime factors of 4584461927?
17, 269674231
List the prime factors of 364228708.
2, 19, 677, 7079
List the prime factors of 75723416.
2, 9465427
List the prime factors of 11